{"id":4,"date":"2008-07-28T10:43:19","date_gmt":"2008-07-28T08:43:19","guid":{"rendered":"http:\/\/www.felinas-welt.de\/?page_id=4"},"modified":"2008-07-30T09:56:48","modified_gmt":"2008-07-30T07:56:48","slug":"uber-mich","status":"publish","type":"page","link":"https:\/\/www.felinas-welt.de\/?page_id=4","title":{"rendered":"\u00dcber mich"},"content":{"rendered":"<p><a href=\"http:\/\/www.felinas-welt.de\/wp-content\/uploads\/2008\/07\/felina.jpg\"><img loading=\"lazy\" decoding=\"async\" class=\"size-medium wp-image-6 alignright\" style=\"margin: 10px;\" title=\"Das bin ich - Felina\" src=\"http:\/\/www.felinas-welt.de\/wp-content\/uploads\/2008\/07\/felina-225x300.jpg\" alt=\"\" width=\"180\" height=\"240\" \/><\/a><\/p>\n<p>Mein Name ist Felina Weber.<\/p>\n<p>Meinen ersten Schrei habe ich am <strong>22.07.2008<\/strong> um <strong>12:27<\/strong> in der Frauenklinik <strong>T\u00fcbingen<\/strong> von mir gegeben. Ich habe der Hebamme so viel zu erz\u00e4hlen gehabt, aber irgendwie hat sie mir nicht richtig zugeh\u00f6rt. Sie war wohl zu sehr von meinen <strong>3766 Gramm<\/strong> verteilt auf <strong>52cm<\/strong> angetan.<\/p>\n<p>Deshalb nutze ich jetzt diesen Weblog um meine Geschichten erz\u00e4hlen zu k\u00f6nnen. So kannst Du aus erster Hand erfahren, wie ich meine Mama und meinen Papa auf Trapp halte und Schritt f\u00fcr Schritt meine Welt erkunde. Wenn Dich das interessiert, schau einfach nach Lust und Laune hier wieder vorbei. Und wenn du dann noch einen netten Kommentar hinterl\u00e4sst, w\u00fcrde mich das sehr freuen.<\/p>\n<p>Liebe Gr\u00fc\u00dfe<\/p>\n<p>Felina<\/p>\n<p>&#8212;&#8212;&#8212;&#8212;&#8212;<\/p>\n<p><strong>Was bedeutet eigentlich mein Vorname?<br \/>\n<\/strong><\/p>\n<ul>\n<li><em>lat.<\/em> &#8222;felicis&#8220; = gl\u00fccklich<\/li>\n<li><em>spanisch<\/em> &#8222;felina&#8220; = katzenhaft<\/li>\n<li>&#8222;Felinae&#8220; = wissenschaftlicher Name f\u00fcr Kleinkatzen<\/li>\n<\/ul>\n","protected":false},"excerpt":{"rendered":"<p>Mein Name ist Felina Weber. Meinen ersten Schrei habe ich am 22.07.2008 um 12:27 in der Frauenklinik T\u00fcbingen von mir gegeben. Ich habe der Hebamme so viel zu erz\u00e4hlen gehabt, aber irgendwie hat sie mir nicht richtig zugeh\u00f6rt. Sie war wohl zu sehr von meinen 3766 Gramm verteilt auf 52cm angetan. Deshalb nutze ich jetzt [&hellip;]<\/p>\n","protected":false},"author":2,"featured_media":0,"parent":0,"menu_order":0,"comment_status":"open","ping_status":"open","template":"","meta":{"footnotes":""},"class_list":["post-4","page","type-page","status-publish","hentry"],"_links":{"self":[{"href":"https:\/\/www.felinas-welt.de\/index.php?rest_route=\/wp\/v2\/pages\/4","targetHints":{"allow":["GET"]}}],"collection":[{"href":"https:\/\/www.felinas-welt.de\/index.php?rest_route=\/wp\/v2\/pages"}],"about":[{"href":"https:\/\/www.felinas-welt.de\/index.php?rest_route=\/wp\/v2\/types\/page"}],"author":[{"embeddable":true,"href":"https:\/\/www.felinas-welt.de\/index.php?rest_route=\/wp\/v2\/users\/2"}],"replies":[{"embeddable":true,"href":"https:\/\/www.felinas-welt.de\/index.php?rest_route=%2Fwp%2Fv2%2Fcomments&post=4"}],"version-history":[{"count":14,"href":"https:\/\/www.felinas-welt.de\/index.php?rest_route=\/wp\/v2\/pages\/4\/revisions"}],"predecessor-version":[{"id":91,"href":"https:\/\/www.felinas-welt.de\/index.php?rest_route=\/wp\/v2\/pages\/4\/revisions\/91"}],"wp:attachment":[{"href":"https:\/\/www.felinas-welt.de\/index.php?rest_route=%2Fwp%2Fv2%2Fmedia&parent=4"}],"curies":[{"name":"wp","href":"https:\/\/api.w.org\/{rel}","templated":true}]}}