{"id":216,"date":"2008-08-05T14:47:41","date_gmt":"2008-08-05T12:47:41","guid":{"rendered":"http:\/\/www.felinas-welt.de\/?page_id=216"},"modified":"2008-08-05T14:47:41","modified_gmt":"2008-08-05T12:47:41","slug":"meine-offentliche-bekanntmachung","status":"publish","type":"page","link":"https:\/\/www.felinas-welt.de\/?page_id=216","title":{"rendered":"Meine \u00f6ffentliche Bekanntmachung"},"content":{"rendered":"<p>Auf dieser Seite habe ich mal meine \u00f6ffentliche Bekanntmachung und die Reaktionen darauf zusammen gestellt. Allen vielen Dank f\u00fcr Ihre Gl\u00fcckw\u00fcnsche und Unterst\u00fctzung.<\/p>\n<p><em>Felina schrieb am 24.Juli 2008:<\/em><\/p>\n<blockquote><p>Liebe Leserin \/ Lieber Leser,<\/p>\n<p>also, so ein Skandal muss an die \u00d6ffentlichkeit weitergegeben werden: Mir, Felina Weber, hat man zum 22.Juli um 12:27 meine beheizte Ein-Zimmer-Wohnung mit Vollpension fristlos gek\u00fcndigt. Nun bin ich hier &#8230; \u00dcber die weiteren Konsequenzen der K\u00fcndigung muss ich mir erstmal Gedanken machen, aber eins wei\u00df ich: So einfach kommt mir die Vermieterin nicht davon.<\/p>\n<p>\u00dcber mein weiteres Vorgehen und die eingeleiteten Gegenmassnahmen werde ich unter <a title=\"Felina's Welt\" href=\"http:\/\/felina.webis-world.de\" target=\"_self\">http:\/\/felina.webis-world.de<\/a> berichten.<\/p>\n<p>Bis dahin mach es mir f\u00fcr die n\u00e4chste Zeit erstmal bei Mama Tine und Papa Maik bequem. Die beiden haben mich auch mit gro\u00dfer Freude und viel Liebe aufgenommen. Das gef\u00e4llt mir.<\/p>\n<p>Liebe Gr\u00fc\u00dfe sendet Dir<br \/>\nFelina<\/p><\/blockquote>\n<p>Und hier die R\u00fcckmeldungen, die ich erhalten habe &#8230;<\/p>\n<p><em>Stephanie antwortete:<\/em><\/p>\n<blockquote><p>Willkommen Felina! Du wirst sehen, du haettest ganz schoen was verpasst, wenn du in deiner Einzimmer Wohnung geblieben waerst&#8230;. die Welt hier draussen ist auf Dauer viel viel spannender!<\/p>\n<p>Ich hoffe Euch dreien geht es gut! Ich wuensch Euch alles alles Gute und hoffe auf regelmaessige Updates!<\/p>\n<p>Liebe Gruesse von weit weg<\/p>\n<p>Eure Steph<\/p><\/blockquote>\n<p><em>Swen, Stephanie und Jasmin antworteten:<\/em><\/p>\n<blockquote><p>Hallo Felina,<\/p>\n<p>sch\u00f6n, dass Du endlich da bist. Wir haben am Wochenende noch an Dich gedacht und uns gefragt wann Du endlich neugierig auf diese Welt bist. Wir hoffen, dass Ihr Drei gesund seid und dass Du Mama und Papa viel Freude machst. Deine Seite haben wir uns auch schon angesehen und werden regelm\u00e4\u00dfig nachschauen, wie es Dir geht. Jetzt genie\u00dft erstmal die Zeit. Wir w\u00fcnschen Euch alles Gute und hoffen, dass wir uns im Herbst mal sehen.<\/p>\n<p>Liebe Gr\u00fc\u00dfe<br \/>\nJasmin, Stephanie &amp; Swen<\/p><\/blockquote>\n<p><em>Swen musste mir gleich zweimal antworten:<\/em><\/p>\n<blockquote><p>Hallo Felina,<\/p>\n<p>Nat\u00fcrlich auch von meiner Seite ein &#8222;herzliches Willkommen&#8220; in unsere Welt. Lass Dich ja richtig verw\u00f6hnen und wenn dir was nicht pa\u00dft, einfach Schreien&#8230;Du wirst staunen, was Deine Eltern f\u00fcr sportliche H\u00f6chstleistungen vollbringen nur um dich zufrieden zu stellen!!!\u00a0 \ud83d\ude42<br \/>\nApropo Eltern: Richte den beiden bitte meine Gl\u00fcckw\u00fcnsche aus, ich denke die wissen dann schon, was gemeint ist.<\/p>\n<p>Jetzt noch ein typischer Spruch zum Schluss, aber das Thema werdet ihr in den n\u00e4chsten Jahren noch x-mal diskutieren, gew\u00f6hn dich besten schnell dran: Du siehst voll aus wie Deine Mama!!<\/p>\n<p>Gr\u00fc\u00dfe aus dem sonnigen Stuttgart<br \/>\nSwen<\/p><\/blockquote>\n<p><em>Viviane antwortete:<\/em><\/p>\n<blockquote><p>Hallo Felina,<\/p>\n<p>na sowas, und Du l\u00e4\u00dft Dich einfach so rausschmei\u00dfen? Ich h\u00e4tte ja gestreikt, das kann ich Dir sagen! Frechheit, was die Vermieter sich heutzutage alles erlauben&#8230; ts.<\/p>\n<p>Auf jeden Fall herzlich Willkommen im &#8222;Leben drau\u00dfen&#8220; &#8211; ich w\u00fcnsche Dir ein wundersch\u00f6nes Leben mit ganz viel Sonnenschein und Freude! Fr\u00f6hliche Eltern hast Du ja auf jeden Fall (hast Du Dir gut ausgesucht!), da wirst Du sicher immer viel zu lachen haben. \ud83d\ude42<\/p>\n<p>Viele liebe Gr\u00fc\u00dfe und jetzt gew\u00f6hn Dich erstmal gut ein &#8211; freue mich schon drauf, Dich bald mal kennenzulernen! \ud83d\ude42<br \/>\nViviane<\/p><\/blockquote>\n<p><em>Rens und Ron antworteten:<\/em><\/p>\n<blockquote><p>Liebe Felina,<\/p>\n<p>Welcome to the world !<\/p>\n<p>Herzlichen Gl\u00fcckwunschen zu deinen Eltern Tine und Maik.<\/p>\n<p>Liebe Gr\u00fc\u00dfe,<br \/>\nRens und Ron<\/p><\/blockquote>\n<p><em>Ramona und Marco schrieben mir:<\/em><\/p>\n<blockquote><p>Hallo Felina!<\/p>\n<p>Sch\u00f6n das du da bist, richte deinen Eltern die besten Wuensche aus. Und sei nicht zu anstrenged, es wird dir bei ihnen bestimmt gefallen, sie werden sich ganz bestimmt sehr gut um dich kuemmern. Ich hoffe das wir uns bald begegenen.<\/p>\n<p>Liebe Gruesse Ramona und Marco!<\/p><\/blockquote>\n<p><em>Silvana und Robin haben mir diese Zeilen geschickt:<\/em><\/p>\n<blockquote><p>Hey du kleine Maus,<\/p>\n<p>ich deine Tante Silvana und dein Onkel Robin bedanken uns f\u00fcr deine Wundersch\u00f6ne E-mail wir hoffen das du bei deiner neuen Wohungssuche Erfolg gehabt hast. Also diese Vermieterin ist ja echt b\u00f6se dich einfach hinaus zu hauen ohne einmal nach zu denken wo du hin sollst die w\u00fcrde ich auch nciht einfach so davon lassen kommen daf\u00fcr w\u00fcnschen wir dir viel Erfolg.In deinem neuen Zuhause hoffe ich das du die 2 Pelztiere noch nicht entdeckt hast und erschrocknen bist aber keine Angst die 2 tun dir nix!<br \/>\nNat\u00fcrlich hoffe ich das wir uns mal pers\u00f6nlich kennenlernen und dar\u00fcber reden was so alles passiert ist!!<\/p>\n<p>Naja das war es erstmal von uns meld dich mal wieder!!<\/p>\n<p>KNUDDEL UND KNUTSCH<br \/>\nDein Tantchen Silli und Onkelchen Robin<\/p>\n<p>Auch viele Gr\u00fc\u00dfe an deine Neuen Besitzer<\/p><\/blockquote>\n<p><em>Und von Mama&#8217;s Arbeitskollegin kam diese Antwort:<\/em><\/p>\n<blockquote><p>Herzlich willkommen Felina,<\/p>\n<p>das ist wirklich skandal\u00f6s.<\/p>\n<p>Aber keine Sorge, mit einer einstweiligen Verf\u00fcgung k\u00f6nnen wir zumindest daf\u00fcr sorgen, dass Deine Vermieterin Dir f\u00fcr die n\u00e4chsten Jahre auch weiterhin Kost und Logis bieten muss.<\/p>\n<p>Halte uns weiterhin auf dem Laufenden, damit wir Dich auch weiterhin mit Rat und Tat unterst\u00fctzen k\u00f6nnen.<\/p>\n<p>Das Stuttgarter Team<\/p>\n<p>Mit freundlichen Gr\u00fc\u00dfen<\/p>\n<p>Sabine Emke<br \/>\nLeistung Leben<\/p><\/blockquote>\n<p><em>Mirijam und Markus haben meinen Eltern geschrieben:<\/em><\/p>\n<blockquote><p>Liebe Tine, lieber Maik,<br \/>\nes freut uns sehr von Euch zu h\u00f6ren und dann gleich mit solch einer erfreulichen Nachricht!<\/p>\n<p>Herzlichen Gl\u00fcckwunsch zur Geburt Eurer kleinen Tochter!<\/p>\n<p>&#8222;Sterne fallen nicht vom Himmel, sie werden geboren.&#8220;<\/p>\n<p>Liebe Gr\u00fc\u00dfe<br \/>\nMirijam und Markus<\/p><\/blockquote>\n","protected":false},"excerpt":{"rendered":"<p>Auf dieser Seite habe ich mal meine \u00f6ffentliche Bekanntmachung und die Reaktionen darauf zusammen gestellt. Allen vielen Dank f\u00fcr Ihre Gl\u00fcckw\u00fcnsche und Unterst\u00fctzung. Felina schrieb am 24.Juli 2008: Liebe Leserin \/ Lieber Leser, also, so ein Skandal muss an die \u00d6ffentlichkeit weitergegeben werden: Mir, Felina Weber, hat man zum 22.Juli um 12:27 meine beheizte Ein-Zimmer-Wohnung [&hellip;]<\/p>\n","protected":false},"author":2,"featured_media":0,"parent":0,"menu_order":0,"comment_status":"open","ping_status":"open","template":"","meta":{"footnotes":""},"class_list":["post-216","page","type-page","status-publish","hentry"],"_links":{"self":[{"href":"https:\/\/www.felinas-welt.de\/index.php?rest_route=\/wp\/v2\/pages\/216","targetHints":{"allow":["GET"]}}],"collection":[{"href":"https:\/\/www.felinas-welt.de\/index.php?rest_route=\/wp\/v2\/pages"}],"about":[{"href":"https:\/\/www.felinas-welt.de\/index.php?rest_route=\/wp\/v2\/types\/page"}],"author":[{"embeddable":true,"href":"https:\/\/www.felinas-welt.de\/index.php?rest_route=\/wp\/v2\/users\/2"}],"replies":[{"embeddable":true,"href":"https:\/\/www.felinas-welt.de\/index.php?rest_route=%2Fwp%2Fv2%2Fcomments&post=216"}],"version-history":[{"count":4,"href":"https:\/\/www.felinas-welt.de\/index.php?rest_route=\/wp\/v2\/pages\/216\/revisions"}],"predecessor-version":[{"id":220,"href":"https:\/\/www.felinas-welt.de\/index.php?rest_route=\/wp\/v2\/pages\/216\/revisions\/220"}],"wp:attachment":[{"href":"https:\/\/www.felinas-welt.de\/index.php?rest_route=%2Fwp%2Fv2%2Fmedia&parent=216"}],"curies":[{"name":"wp","href":"https:\/\/api.w.org\/{rel}","templated":true}]}}